0*o**2 + 3. Calculate q(-10).
3
Let a(m) = m**2 - 69*m + 301. Give a(5).
-19
Let z(m) = -m**2 + 10*m + 8. Calculate z(9).
17
Let u(a) = -2*a**2 - 53*a + 59. Calculate u(-27).
32
Let b(r) = -3*r**2 + 47*r - 26. Calculate b(15).
4
Let c(r) = 2*r**3 - 85*r**2 + 42*r - 7. What is c(42)?
-7
Let c(b) = 12*b - 94. Calculate c(8).
2
Let n(y) = -y**2 + 7*y - 16. What is n(9)?
-34
Let k(m) = -3*m + 3. Calculate k(-4).
15
Let l(c) = 38*c + 44. Calculate l(-1).
6
Let b(x) = -7*x - 30. Determine b(-2).
-16
Let v(x) = -2*x**2 + 6*x - 2. What is v(4)?
-10
Let a(r) = r**3 + 6*r**2 - 6*r - 7. Determine a(-5).
48
Let h(r) = -r**3 + 17*r**2 + 2*r - 25. What is h(17)?
9
Let h(m) = m**2 + 12*m - 9. Determine h(-12).
-9
Let o(r) = -r**3 + 32*r**2 + 71*r - 93. Give o(34).
9
Let v(h) = -h**2 - 13*h - 27. What is v(-10)?
3
Let h(s) = s**3 + 17*s**2 + 6*s + 88. Determine h(-17).
-14
Let j(v) = -v - 11. What is j(-17)?
6
Let o(q) = -q**2 - 10*q - 1. Calculate o(-11).
-12
Let v(b) = 2*b**3 - 3*b**2 + 4*b - 2. Determine v(2).
10
Let v(h) = 2*h**3 - 3*h. Give v(-2).
-10
Let q(m) = -m**3 + 14*m**2 - 7*m + 28. Give q(13).
106
Let z(t) = -t**2 + 8*t - 7. What is z(14)?
-91
Let u(i) = -2*i**2 + 35*i - 161. Calculate u(10).
-11
Let r(s) = 20*s + 8. Give r(1).
28
Let p(u) = u**3 + 10*u**2 - 12*u + 4. What is p(-11)?
15
Let p(g) = 2*g**2 - 33*g + 1. Determine p(16).
-15
Let h(v) = v**2 + 2*v + 1. Calculate h(-6).
25
Let n(j) = -j - 12. Give n(5).
-17
Let c(u) = -u**3 - 6*u**2 - 6*u - 4. Give c(-3).
-13
Let k(g) = -71*g - 371. Determine k(-5).
-16
Let f(r) = r**3 - 5*r**2 - 25*r + 8. Give f(8).
0
Let s(t) = -t**2 - 4*t + 3. Calculate s(3).
-18
Let l(c) = c**3 - c**2 - 16*c + 8. Calculate l(4).
-8
Let v(h) = 11*h + 4. What is v(-2)?
-18
Let u(v) = 5*v - 50. Give u(7).
-15
Let n(p) = 2*p**3 - 13*p**2 + p + 10. Determine n(6).
-20
Let s(i) = -11*i**2 + 79*i - 11. Give s(7).
3
Let x(c) = -c**3 + 5*c**2 - 2*c - 9. What is x(4)?
-1
Let d(z) = -z**3 - 3*z**2 + 4*z - 4. Determine d(-5).
26
Let v(q) = q**3 + 16*q**2 + 28*q + 2. What is v(-14)?
2
Let i(m) = -m + 7. Calculate i(9).
-2
Let j(t) = -t**2 + 36*t + 118. Calculate j(39).
1
Let b(q) = -q - 22. Calculate b(-13).
-9
Let m(o) = -2*o**3 + 6*o**2 - 2*o + 1. What is m(3)?
-5
Let j(h) = h**2 + 18*h - 21. Calculate j(-19).
-2
Let k(y) = y**3 + 33*y**2 + 135*y - 144. What is k(-28)?
-4
Let m(o) = 2*o**3 + 41*o**2 + 17*o - 29. Calculate m(-20).
31
Let s(z) = 2*z**2 + 16*z + 1. Determine s(-8).
1
Let k(r) = r**2 + 3*r - 52. Calculate k(0).
-52
Let n(x) = -x**3 + 3*x**2 - 3*x - 2. What is n(3)?
-11
Let g(h) = h**3 + 6*h**2 - 12*h + 17. Give g(-8).
-15
Let c(g) = -2*g**2 - 7*g + 65. Give c(5).
-20
Let m(a) = -3*a**2 + 7*a. Calculate m(3).
-6
Let p(d) = 50*d - 195. Calculate p(4).
5
Let a(z) = z - 1. Give a(2).
1
Let x(a) = a**2 + 43*a + 90. Calculate x(-41).
8
Let m(h) = -4*h - 64. What is m(-15)?
-4
Let g(n) = -5*n + 9. Determine g(3).
-6
Let m(s) = s**2 - 5*s - 14. Give m(5).
-14
Let t(y) = -2*y**3 - 9*y**2 - 3*y - 34. Calculate t(-5).
6
Let s(y) = -y**2 - 11*y + 72. What is s(5)?
-8
Let z(t) = -2*t - 1. Calculate z(10).
-21
Let x(n) = -n**3 - 10*n**2 - 11*n - 4. Calculate x(-9).
14
Let a(s) = s**3 - 5*s**2 + 6*s - 11. Calculate a(4).
-3
Let n(f) = -f**3 - f**2 - f - 13. Give n(0).
-13
Let m(o) = 10*o + 154. Give m(-14).
14
Let z(o) = 2*o**2 + 92*o + 336. What is z(-4)?
0
Let m(z) = 19*z + 3. Determine m(-1).
-16
Let n(c) = 11*c + 27. Give n(3).
60
Let b(l) = -20*l - 325. What is b(-16)?
-5
Let s(t) = 5*t**2 - 2*t - 4. What is s(4)?
68
Let u(b) = -b**2 + 14*b + 6. What is u(14)?
6
Let l(v) = -v**3 - 15*v**2 - 14*v + 7. Calculate l(-14).
7
Let l(i) = i**3 - 5*i**2 + i + 16. Determine l(6).
58
Let v(i) = i - 1. Give v(14).
13
Let r(n) = -n**3 - 12*n**2 - 6*n - 71. What is r(-12)?
1
Let q(o) = -2*o**3 + 13*o**2 - 16*o + 2. What is q(5)?
-3
Let t(k) = -k + 2. Give t(-18).
20
Let n(h) = 4*h - 156. Give n(33).
-24
Let b(v) = -v**3 + 5*v**2 + 24*v + 8. What is b(8)?
8
Let b(s) = 3*s**2 - 4*s + 13. What is b(5)?
68
Let r(v) = -v**2 - 19*v + 775. Calculate r(-39).
-5
Let f(t) = -t**2 + 26*t - 61. Calculate f(23).
8
Let q(b) = -b**3 + 14*b**2 - 3*b + 40. What is q(14)?
-2
Let l(b) = 2*b + 5. Determine l(0).
5
Let q(v) = 33*v**2 - 1. Determine q(1).
32
Let z(w) = w**3 + 6*w**2 + 2*w + 4. What is z(-6)?
-8
Let r(p) = -80*p + 409. What is r(5)?
9
Let x(h) = 4*h**3 - h**2 + 3*h + 3. Calculate x(-2).
-39
Let o(v) = v**3 - 8*v**2 + 11*v + 6. Give o(6).
0
Let n(t) = 4*t - 151. Determine n(26).
-47
Let b(d) = 2*d - 69. Calculate b(32).
-5
Let w(x) = -x**2 + 3*x + 1. Determine w(5).
-9
Let y(c) = -c**3 + 5*c**2 - 3*c + 5. Calculate y(5).
-10
Let o(j) = 2*j**2 + 5*j - 10. Determine o(3).
23
Let x(b) = b**3 - 8*b**2 + 3*b + 4. What is x(5)?
-56
Let v(q) = -q**3 + 8*q**2 + 2*q. Determine v(8).
16
Let n(g) = -9*g**2 - 3*g - 31. Give n(-4).
-163
Let o(v) = -3*v**3 - v**2 + v + 2. Determine o(-1).
3
Let b(s) = s**2 + 8*s + 9. Calculate b(-6).
-3
Let k(m) = 12*m - 64. Determine k(6).
8
Let t(i) = i**2 + 11*i + 11. Determine t(-9).
-7
Let v(s) = 2*s**2 - 15*s. Calculate v(8).
8
Let l(g) = -g**3 + 8*g**2 - 9*g - 1. Calculate l(7).
-15
Let h(k) = k + 17. Give h(7).
24
Let y(n) = n**3 - 2*n**2 + 2*n + 3. Give y(4).
43
Let b(a) = -2*a**3 - 23*a**2 + 72*a + 10. Give b(-14).
-18
Let k(s) = -s**3 + 13*s**2 - s + 15. Calculate k(13).
2
Let g(w) = -w**2 - 12*w + 30. What is g(-14)?
2
Let u(s) = -8*s. What is u(1)?
-8
Let f(s) = s**3 + 15*s**2 + s + 24. What is f(-15)?
9
Let d(x) = -3*x**2 - x. What is d(1)?
-4
Let c(m) = m**2 - 7*m + 8. What is c(0)?
8
Let b(p) = -40*p + 363. Calculate b(9).
3
Let m(f) = f**3 + 6*f**2 + 8*f + 8. What is m(-6)?
-40
Let y(m) = 3*m**3 - 30*m**2 + 2. Determine y(10).
2
Let c(m) = 2*m - 1. Determine c(3).
5
Let h(r) = 28*r + 17. What is h(2)?
73
Let i(q) = -q**2 - 20*q - 30. Determine i(-14).
54
Let b(l) = l**3 - 5*l**2 - 6*l + 11. Give b(6).
11
Let i(g) = 8*g - 1. Calculate i(-4).
-33
Let p(t) = -t**2 - 18*t - 77. Calculate p(-11).
0
Let f(h) = h**2 - 3*h + 3. Give f(2).
1
Let z(g) = -g + 9. What is z(24)?
-15
Let j(n) = 15*n + 155. Give j(-10).
5
Let i(a) = 4*a. Give i(13).
52
Let a(l) = 2*l**3 - 8*l**2 + 4*l + 1. What is a(5)?
71
Let u(a) = 2*a**2 + 11*a - 10. Give u(-5).
-15
Let a(o) = -o**2 + 15*o + 28. Determine a(19).
-48
Let c(i) = i**2 + 4*i + 4. Give c(-3).
1
Let l(p) = p**2 - 17*p + 4. Calculate l(16).
-12
Let y(x) = x - 9. Give y(14).
5
Let h(v) = -4*v - 15. Calculate h(-6).
9
Let k(o) = -o**3 + 21*o**2 + 46*o - 3. Calculate k(23).
-3
Let y(l) = -l**2 + l. Determine y(0).
0
Let w(g) = -5*g + 5. Calculate w(3).
-10
Let k(q) = -67*q - 811. Determine k(-12).
-7
Let v(i) = -i**3 + 4*i**2 + 3*i + 1. What is v(4)?
13
Let c(z) = -6*z + 34. Determine c(5).
4
Let g(f) = -3*f**2 - f - 1. Determine g(1).
-5
Let q(s) = 19*s - 80. What is q(5)?
15
Let g(t) = 6*t**2 - 4*t - 4. Calculate g(-3).
62
Let x(y) = 5*y**3 - 9*y**2 - 2*y + 7. Determine x(3).
55
Let s(l) = -l**3 + 12*l**2 + 12*l + 4. Give s(13).
-9
Let m(y) = -5*y - 3. Calculate m(-4).
17
Let s(y) = y - 6. Calculate s(5).
-1
Let s(o) = -3*o**2 + 25*o + 186. Calculate s(13).
4
Let v(h) = h**2 + 9*h + 11. Give v(-7).
-3
Let n(x) = 4*x + 5. Calculate n(-4).
-11
Let p(s) = -2*s**2 + s + 4. Give p(3).
-11
Let i(h) = h**3 + 22*h**2 - 24*h - 82. What is i(-23)?
-59
Let s(c) = 4*c + 12. Give s(10).
52
Let h(f) = -81*f + 6. Determine h(0).
6
Let j(n) = -n**2 - 2. Give j(1).
-3
Let q(n) = n**2 - 40*n + 39. Give q(39).
0
Let v(i) = -i**2 - 29*i + 96. Determine v(-31).
34
Let u(k) = k**3 + 14*k**2 + 2*k - 2. Give u(-14).
-30
Let z(i) = -i**2 - 8*i + 32. What is z(-11)?
-1
Let b(f) = 14*f**2 - f + 1. Calculate b(1).
14
Let c(h) = -2*h**2 + 54*h - 307. Determine c(8).
-3
Let x(b) = b**2 - 24*b - 6. Calculate x(22).
-50
Let g(u) = 2*u**3 + 4*u**2 + 4*u + 2. Give g(-2).
-6
Let a(k) = -k**2 + 3*k + 17. Determine a(9).
-37
Let p(g) = -4*g**2 + 19*g - 4. Calculate p(5).
-9
Let z(m) = -m**3 - 12*m**2 - 7*m + 49. Determine z(-11).
5
Let h(q) = q**2 - 39*q - 121. Determine h(-3).
5
Let b(j) = -2*j**2 - 11*j + 221. Give b(8).
5
Let g(u) = -u**2 + 13*u + 13. Calculate g(13).
13
Let h(p) = p - 38. Give h(0).
-38
Let s(q) = q**2 + 18*q + 76. Calculate s(-11).
-1
Let u(p) = p + 9. What is u(-15)?
-6
Let t(w) = 97*w*